{"id":96,"date":"2023-07-24T15:09:05","date_gmt":"2023-07-24T15:09:05","guid":{"rendered":"https:\/\/zirkonzahn.ro\/?post_type=product&#038;p=96"},"modified":"2023-07-24T15:09:05","modified_gmt":"2023-07-24T15:09:05","slug":"masina-de-frezat-m2-wet-heavy-metal","status":"publish","type":"product","link":"https:\/\/zirkonzahn.ro\/index.php\/product\/masina-de-frezat-m2-wet-heavy-metal\/","title":{"rendered":"Ma\u0219ina de frezat M2 WET HEAVY METAL"},"content":{"rendered":"<p>Unitate de frezare autonom\u0103 controlat\u0103 de computer cu orbit\u0103 \u2300 95 mmPC integrat cu ecran tactil pentru control direct (\u00eenc\u0103rcarea frezelor, controlul proceselor de frezare \u0219i calibrare)Tehnologie de frezare simultan\u0103 cu 5+1 axe complet automatizat\u0103Ax de frezat de \u00eenalt\u0103 performan\u021b\u0103 cu alimentare optimizat\u0103 cu ap\u0103 de r\u0103cire pentru o elaborare deosebit de delicat\u0103 a materialuluiCu func\u021bie de prelucrare umed\u0103 pentru prelucrarea tuturor materialelor dentare uzuale \u0219i a tipurilor de restaur\u0103ri (zirconiu, r\u0103\u0219in\u0103, cear\u0103, Sintermetall, cobalt-crom, titan, Raw-Abutments\u00ae, sticl\u0103-ceramic\u0103 \u0219i compozit). Pot fi introduse urm\u0103toarele semifabricate (pentru unele sunt necesare suporturi): Materiale semifabricate cu \u00f8 95 mm, precum \u0219i p\u00e2n\u0103 la 4 semifabricate din vitroceramic\u0103 \u0219i 3 Raw-Abutments\u00aeFrez\u0103 CAD\/CAM 6 mm \u0219i orbit\u0103 cu axe rotative opuse (A \u0219i B) pentru un proces de elaborare stabil; timpul de elaborare poate fi variat prin selectarea diferitelor calit\u0103\u021bi de suprafa\u021b\u0103Camer\u0103 de frezare cu design spa\u021bios, iluminat\u0103 optim \u0219i u\u0219or accesibil\u0103Camer\u0103 de freze protejat\u0103 de contaminare, care este separat\u0103 de camera de frezare, cu func\u021bie automat\u0103 de schimbare a sculelor cu 21 de compartimenteDetectarea optic\u0103 a frezelor pentru o selec\u021bie sigur\u0103 Spa\u021biu integrat pentru depozitarea organizat\u0103 a p\u00e2n\u0103 la trei magazii de freze suplimentare, cu 21 de sloturi\u00a0 fiecare, 84 de sloturi pentru freze \u00een totalFunc\u021bie automat\u0103 de autocur\u0103\u021bare \u0219i uscare \u0219i Kit de cur\u0103\u021bare pentru cur\u0103\u021bare manual\u0103\u00a0KIT DE ACTUALIZARE DUBL\u0102 M2\/M2Unitatea de frezat M2 Wet Heavy Metal poate fi actualizat\u0103 la unitatea de frezat M2 Teleskoper prin integrarea Teleskoper Orbit \u2300 125 mm. Aceasta permite elaborarea semifabricatelor de material cu diametrul de \u2300 95 mm, \u2300 98 mm, \u2300 106 mm \u0219i \u2300 125 mm. De asemenea, cre\u0219te num\u0103rul de semifabricate din ceramic\u0103 vitroas\u0103 \u0219i Raw-Abutment\u00ae care pot fi elaborate \u00eentr-un singur proces de frezare.<\/p>\n","protected":false},"excerpt":{"rendered":"<p>Unitate de frezare autonom\u0103 controlat\u0103 de computer cu orbit\u0103 \u2300 95 mmPC integrat cu ecran tactil pentru control direct (\u00eenc\u0103rcarea frezelor, controlul proceselor de frezare \u0219i calibrare)Tehnologie de frezare simultan\u0103 cu 5+1 axe complet automatizat\u0103Ax de frezat de \u00eenalt\u0103 performan\u021b\u0103 cu alimentare optimizat\u0103 cu ap\u0103 de r\u0103cire pentru o elaborare deosebit de delicat\u0103 a materialuluiCu [&hellip;]<\/p>\n","protected":false},"featured_media":97,"comment_status":"open","ping_status":"closed","template":"","meta":[],"product_brand":[],"product_cat":[19],"product_tag":[27],"class_list":{"0":"post-96","1":"product","2":"type-product","3":"status-publish","4":"has-post-thumbnail","6":"product_cat-cad-cam","7":"product_tag-freza-cnc","9":"first","10":"instock","11":"shipping-taxable","12":"purchasable","13":"product-type-simple"},"_links":{"self":[{"href":"https:\/\/zirkonzahn.ro\/index.php\/wp-json\/wp\/v2\/product\/96","targetHints":{"allow":["GET"]}}],"collection":[{"href":"https:\/\/zirkonzahn.ro\/index.php\/wp-json\/wp\/v2\/product"}],"about":[{"href":"https:\/\/zirkonzahn.ro\/index.php\/wp-json\/wp\/v2\/types\/product"}],"replies":[{"embeddable":true,"href":"https:\/\/zirkonzahn.ro\/index.php\/wp-json\/wp\/v2\/comments?post=96"}],"wp:featuredmedia":[{"embeddable":true,"href":"https:\/\/zirkonzahn.ro\/index.php\/wp-json\/wp\/v2\/media\/97"}],"wp:attachment":[{"href":"https:\/\/zirkonzahn.ro\/index.php\/wp-json\/wp\/v2\/media?parent=96"}],"wp:term":[{"taxonomy":"product_brand","embeddable":true,"href":"https:\/\/zirkonzahn.ro\/index.php\/wp-json\/wp\/v2\/product_brand?post=96"},{"taxonomy":"product_cat","embeddable":true,"href":"https:\/\/zirkonzahn.ro\/index.php\/wp-json\/wp\/v2\/product_cat?post=96"},{"taxonomy":"product_tag","embeddable":true,"href":"https:\/\/zirkonzahn.ro\/index.php\/wp-json\/wp\/v2\/product_tag?post=96"}],"curies":[{"name":"wp","href":"https:\/\/api.w.org\/{rel}","templated":true}]}}